highest common divisor of 2040 and 92165160.
2040
Calculate the greatest common divisor of 289296 and 37968.
336
What is the highest common factor of 498566 and 430114?
218
Calculate the greatest common factor of 115194624 and 11712.
192
Calculate the highest common divisor of 2480520 and 6888.
168
What is the greatest common divisor of 31 and 271964767?
31
Calculate the greatest common divisor of 9400 and 31067.
47
Calculate the greatest common factor of 6503120 and 2479.
37
What is the greatest common divisor of 110 and 360965000?
110
Calculate the highest common factor of 9728 and 209912.
152
Calculate the greatest common divisor of 43 and 190573807.
43
What is the highest common divisor of 24432198 and 63168?
1974
What is the greatest common factor of 1445976 and 1292?
76
Calculate the highest common factor of 24858776 and 496.
248
Calculate the highest common divisor of 1533210 and 17956050.
10290
Calculate the greatest common divisor of 57024 and 72113976.
7128
Calculate the greatest common divisor of 152110 and 1552670.
2870
What is the highest common divisor of 408 and 5770344?
408
Calculate the greatest common divisor of 6092925 and 1600.
25
What is the greatest common factor of 415254819 and 2292?
573
What is the highest common factor of 724148 and 704631?
673
Calculate the greatest common divisor of 28 and 10866016.
28
Calculate the greatest common divisor of 20039 and 3567.
29
Calculate the greatest common divisor of 8019 and 8080965.
729
Calculate the highest common factor of 1975808 and 7616.
1088
Calculate the greatest common divisor of 969680 and 118358.
1426
Calculate the greatest common factor of 2248314756 and 12.
12
Calculate the greatest common factor of 270 and 583975890.
90
Calculate the greatest common divisor of 1846 and 128599886.
142
Calculate the highest common divisor of 8318541 and 3234.
231
What is the greatest common divisor of 693840 and 320?
80
What is the greatest common factor of 42073347 and 7538?
3769
Calculate the greatest common divisor of 11554893 and 7047.
243
What is the highest common divisor of 704 and 184283?
11
Calculate the greatest common divisor of 42 and 67666.
2
Calculate the greatest common factor of 6248 and 2236216.
568
What is the greatest common factor of 435023724 and 2768?
692
Calculate the highest common factor of 103894917 and 21.
21
What is the greatest common divisor of 1297227 and 77106?
543
What is the greatest common factor of 372 and 78116404?
124
What is the highest common factor of 3822 and 340746?
294
Calculate the greatest common divisor of 897 and 2657742.
69
Calculate the greatest common divisor of 8052 and 2095122348.
8052
Calculate the greatest common factor of 73955062 and 984.
82
Calculate the greatest common divisor of 7800 and 207714.
78
What is the greatest common divisor of 131931 and 1443843?
1233
Calculate the greatest common factor of 914636767 and 11.
11
Calculate the greatest common factor of 853814 and 390.
26
What is the highest common divisor of 25085612 and 4?
4
What is the highest common factor of 57507 and 31697?
29
Calculate the greatest common divisor of 455799 and 62061.
411
What is the highest common divisor of 11304153 and 1029?
147
Calculate the greatest common factor of 474495477 and 87.
87
Calculate the highest common divisor of 41495650 and 1400.
350
Calculate the greatest common divisor of 266048915 and 346.
173
What is the highest common factor of 9989174 and 133237?
3601
Calculate the greatest common factor of 11 and 209400323.
11
What is the highest common divisor of 31025 and 30325?
25
What is the highest common factor of 2328 and 23397432?
24
Calculate the greatest common divisor of 2634 and 294299454.
2634
Calculate the highest common divisor of 759 and 14364361.
11
Calculate the greatest common factor of 13432 and 16407.
1
What is the highest common factor of 3876379 and 148?
37
Calculate the highest common divisor of 100504122 and 6.
6
What is the highest common factor of 159860 and 60?
20
Calculate the highest common factor of 956 and 26388946.
478
What is the greatest common factor of 117040935 and 2715?
2715
Calculate the greatest common divisor of 10976175 and 2205.
315
What is the highest common divisor of 303219 and 21420?
63
Calculate the highest common factor of 47726 and 585298028.
6818
What is the greatest common factor of 4796631 and 574?
287
Calculate the highest common factor of 23679117 and 198.
99
What is the highest common divisor of 12308 and 894064?
68
Calculate the highest common factor of 31392890 and 20.
10
Calculate the highest common factor of 92 and 364571689.
23
What is the highest common factor of 8789 and 1549543?
47
Calculate the highest common factor of 704 and 66033.
11
What is the highest common factor of 14484118 and 2299?
209
Calculate the highest common divisor of 144957 and 3587.
211
Calculate the greatest common divisor of 1794 and 196883427.
897
Calculate the highest common divisor of 147 and 130522035.
147
Calculate the highest common factor of 31340 and 976029455.
7835
Calculate the greatest common divisor of 80 and 154569260.
20
What is the greatest common divisor of 473288304 and 32?
16
What is the highest common divisor of 51274288 and 52?
52
What is the highest common divisor of 1735442 and 14398?
46
What is the greatest common factor of 8720946 and 12?
6
Calculate the greatest common factor of 43888775 and 14.
7
Calculate the highest common divisor of 383183 and 10881719.
3391
Calculate the greatest common factor of 6337308 and 2124.
708
Calculate the greatest common divisor of 316472 and 716584.
136
What is the highest common factor of 21 and 8418592?
7
What is the highest common divisor of 13244733 and 4779?
531
Calculate the greatest common divisor of 10 and 26812970.
10
Calculate the highest common factor of 1277864 and 5362.
14
What is the greatest common factor of 97534591 and 847?
847
Calculate the highest common divisor of 311321 and 136.
17
Calculate the greatest common factor of 291 and 2610464.
97
Calculate the greatest common factor of 17078150 and 550.
50
Calculate the greatest common divisor of 953748 and 16254.
54
Calculate the highest common divisor of 750 and 728490.
30
What is the greatest common divisor of 11394102 and 174?
6
What is the greatest common factor of 50 and 758261225?
25
Calculate the highest common factor of 561537 and 13029.
129
What is the greatest common factor of 10274369 and 2049?
683
What is the greatest common factor of 29854 and 593009?
1357
What is the greatest common divisor of 75397448 and 986?
986
Calculate the highest common divisor of 6378105376 and 12182.
12182
What is the highest common factor of 110 and 908743?
11
What is the highest common divisor of 3 and 7999608?
3
What is the greatest common divisor of 378179533 and 763?
109
Calculate the greatest common divisor of 51040 and 166518.
638
What is the greatest common factor of 81243753 and 159?
159
Calculate the highest common divisor of 54712005 and 8175.
1635
Calculate the greatest common factor of 680400 and 150.
150
Calculate the highest common factor of 4574 and 5573.
1
What is the highest common divisor of 2172 and 104738908?
724
Calculate the highest common factor of 338 and 13858.
338
What is the highest common divisor of 114685 and 2120?
5
What is the greatest common divisor of 8568 and 5366118?
102
Calculate the greatest common factor of 48 and 11329608.
24
Calculate the highest common factor of 33 and 713859.
3
Calculate the highest common factor of 279518 and 322.
2
Calculate the greatest common divisor of 5655 and 136656555.
435
Calculate the greatest common divisor of 542984507 and 4654.
2327
What is the highest common divisor of 2320 and 164376350?
290
Calculate the highest common divisor of 2414 and 1684262.
142
What is the greatest common factor of 155 and 3743653?
31
Calculate the highest common factor of 569032 and 5728.
8
What is the greatest common factor of 335450 and 2075?
25
What is the greatest common divisor of 118867860 and 150?
30
What is the greatest common factor of 113084 and 31129697?
1663
What is the highest common divisor of 1912823 and 3258805?
2123
What is the highest common divisor of 2855 and 232077811?
571
Calculate the greatest common divisor of 98